s digit of v(1)?
1
Suppose -l = -4*l - 24. Let a = l - -6. Let t = 2 - a. What is the units digit of t?
4
What is the units digit of (2 + 14)*((-15)/(-6) - 1)?
4
Let h be (2 + -1)/(5/(-25)). Let m be (h + 1 + -2)*-1. What is the units digit of 30/25*20/m?
4
Suppose 9*w - 219 = 6*w. What is the units digit of w?
3
Let n = 177 - 106. Suppose 0 = -5*v + 84 + n. Suppose 2*z = -4*k - 3 + v, -z = k - 5. What is the units digit of k?
9
What is the units digit of (((-8)/5)/(-2))/((-4)/(-850))?
0
Suppose 10*s = 11*s - 38. What is the tens digit of s?
3
Suppose 2*z - 142 + 24 = 0. What is the tens digit of z?
5
Suppose 4*x - 87 = 1129. What is the units digit of x?
4
Let u(v) be the third derivative of 5*v**4/12 - 5*v**3/6 + 3*v**2. Let i be u(5). Suppose 3*x = -0*x + i. What is the tens digit of x?
1
Let w(c) = 7*c + 27. What is the tens digit of w(8)?
8
Suppose -l + 0 = 32. Let o = 48 + l. What is the tens digit of o?
1
Let g = -15 + 18. What is the units digit of (-1)/g - 20/(-6)?
3
Suppose 2*c + 0*c = 3*o - 169, -c = -5*o + 270. Let t = o + -29. What is the units digit of t?
4
Let s(r) be the third derivative of -r**5/60 - r**4/4 + 5*r**3/3 - r**2. Suppose -2*v - 3*v - 35 = 0. What is the units digit of s(v)?
3
What is the units digit of (-2)/(-11) + -4 + (-5052)/(-44)?
1
Let y(s) be the third derivative of 0*s**4 + 1/120*s**6 + 1/2*s**3 + 0 + 0*s - 2/15*s**5 + 2*s**2. What is the units digit of y(8)?
3
Let w(t) = 7*t**3 + t**2 - t + 1. Let n(s) = s**2 - 10*s + 10. Let x be n(9). Let f be w(x). Suppose -3*y = -y - f. What is the units digit of y?
4
Let j = 4 + 10. What is the tens digit of j?
1
Let v(w) = -w - 6. Let i be v(-8). Suppose -4*s - i*z = -76, 2*z + 28 = s + 7*z. What is the tens digit of s?
1
Let j(o) = 4*o + 7. What is the tens digit of j(6)?
3
Let s = 6 - 2. Suppose 2*l + 0*a + a - 19 = 0, -4*l + 29 = 5*a. Suppose s*x = 5 + l. What is the units digit of x?
4
Suppose 3*o + 2*x - 133 = 183, -2*o + 2*x + 204 = 0. What is the units digit of o?
4
Let p be -1 + 0/(-2) - -2. Let z be (-2)/((-4)/p)*2. Suppose 4 - z = g. What is the units digit of g?
3
What is the tens digit of 1*(-36)/8*-6?
2
Let z = -17 + 29. Suppose 4*v = c + c - z, v = c - 9. What is the tens digit of c?
1
Let u(f) = f. Let y be u(6). Let n(g) = g**3 - 5*g**2 - 5*g + 7. Let k be n(y). Let l = k + -8. What is the units digit of l?
5
Suppose 0 = 2*u - 2*o + 3 + 11, u + 2*o = -16. What is the units digit of (4/(-6))/(u/45)?
3
What is the units digit of 20 - (6/(-2) + 5)?
8
Let g(k) = 7*k**2 - 4*k - 5. What is the tens digit of g(-2)?
3
Let i(j) = j**2 + 3*j - 1. What is the units digit of i(2)?
9
Let d(o) = o + 10. Let p be d(-7). Suppose -3*a - p*v + 9 = -5*v, 5 = -4*a - 3*v. What is the units digit of a?
1
Let k be (-1 + -7)/(-4 + 2). Suppose 0 = k*s - 1 - 7. Suppose -j + s = -0*j. What is the units digit of j?
2
Let y = 68 + -30. What is the units digit of y?
8
Suppose -19 + 6 = -f. What is the units digit of f?
3
Suppose 3*q - 4*k - 401 = -5*k, 5*q - 665 = -k. Suppose 9*j - q = 6*j. What is the units digit of j?
4
Suppose -2*p - 4*g - 106 = -3*p, -4*p + 367 = 3*g. What is the tens digit of p?
9
Suppose 6 + 64 = 2*w - 3*x, 0 = w + 4*x - 35. What is the units digit of w?
5
Let b = -49 - -70. Let v = 45 - b. What is the tens digit of v?
2
Suppose 5*v + 10 = -0. What is the units digit of v/(-11) - (-53)/11?
5
Let u(q) = 12*q**2 + 5*q + 5. What is the tens digit of u(-2)?
4
Let z(p) = 112*p**2 + p. What is the tens digit of z(-1)?
1
Let j be 2 - (2 - 4/1). Suppose 5*v - 3*l = 15 + 5, 0 = -j*v - 3*l + 16. Let r = v + -2. What is the units digit of r?
2
Let c = -8 + 16. What is the units digit of c?
8
What is the tens digit of 3/2*(-6 - -36)?
4
Let i(f) = -3*f - 4. Let q be 7*(33/(-21) - -3). Let b(r) = r**3 - 10*r**2 - r + 7. Let j be b(q). What is the units digit of i(j)?
5
Suppose -2*c + c = -2. Let p be -2*c/(8/(-6)). Suppose -p*q + 4 = -2. What is the units digit of q?
2
Let h(g) = 78*g**2 - 3*g + g + 2*g. Let k be h(1). Suppose -4*b - 14 = -k. What is the tens digit of b?
1
Let u(b) = -28*b**2 - b + 1. Let o be u(1). Suppose -4*c + 18 = -5*c. Let d = c - o. What is the units digit of d?
0
Let r = 16 + -13. What is the units digit of 2/r + (-44)/(-6)?
8
Let i(q) = q**2 + 10*q - 7. Let p be i(-11). Suppose p*u - 27 = 13. What is the tens digit of u?
1
Suppose -3*g = -0*g - 54. What is the tens digit of g?
1
Suppose -3 = -3*c + 6. Suppose -k = -5*o - 14, c*k - 20 - 2 = -5*o. Let a(u) = u**2 - 7*u - 8. What is the units digit of a(k)?
0
What is the tens digit of ((-13)/(-4) + 2)/(9/336)?
9
Let g(d) = -4*d**3 + 4*d**2 + 1 - 5*d**2 - d**2. Suppose 0*x = 2*x + 2. What is the units digit of g(x)?
3
What is the tens digit of 0 + (-1 - -35 - 0)?
3
Let o be 2/3 - 2/3. Suppose 4*r - 24 = 3*p, o*r - 5*p + 38 = 2*r. What is the units digit of r?
9
Let r = 7 - 5. Suppose 4*y - 5*l = -2*l - 7, 8 = -y + r*l. What is the units digit of y?
2
Suppose 2*l + 248 = 4*f, 4*f + 4*l - 220 = 52. Suppose -f = -7*y + 5*y. What is the tens digit of y?
3
Let n = 7 + -2. Suppose 4*j - 2*j + 17 = -n*u, -2*j = -5*u - 33. What is the units digit of j?
4
Suppose 0 = -3*n - 5*n + 232. What is the units digit of n?
9
Let m = 7 + 32. Suppose -5*a = -116 - m. What is the units digit of a?
1
Let h be 11/(-33) + 68/(-3). Let w = -33 - h. What is the units digit of (-4)/w + 215/25?
9
Suppose -5*k = 20, -2*b - 2*k = 6 - 0. What is the tens digit of (-95)/(-6) - b/(-6)?
1
Let g(y) = -y + 4. Let u be g(3). Let c = -7 + 11. Suppose c*w - 17 + u = 0. What is the units digit of w?
4
Suppose 61 = 2*j - 27. Suppose -8*f + j = -4*f. What is the units digit of f?
1
Let y(h) = -h + 3. What is the units digit of y(-13)?
6
Let p(q) = -q**3 + 9*q**2 - 6*q - 11. What is the units digit of p(8)?
5
Let m(v) = -v**2 - 17*v + 8. What is the tens digit of m(-10)?
7
Let w(d) = -d**2 + d. Let q be w(3). Let f(t) = t**2 + 4*t - 5. What is the units digit of f(q)?
7
Suppose 1 - 13 = -3*s. Suppose 5*f + s*m = 233, -3*f - m = m - 141. What is the tens digit of f?
4
Suppose 361 = 11*o - 90. What is the tens digit of o?
4
Let x = 38 + 70. What is the units digit of x?
8
Suppose q + 6 = 4*d - 12, 4*d - 26 = -3*q. Suppose q*g - g = 0. What is the units digit of 0/(-2) - (-1 + g)?
1
Suppose -38 = -2*v - f, 5*v - f - 58 - 23 = 0. Let c = 32 - v. What is the units digit of c?
5
Suppose -3*n + 6 = -0. What is the tens digit of (n + 53)*(-18)/(-30)?
3
Suppose -5*b + 6 = -4. Let j be 2*(1 + -4)/(-3). What is the units digit of ((-1)/b)/(j/(-28))?
7
Let d = 34 - 13. Suppose -h + d = -17. Suppose 2*r - 3*k - 34 = 0, -5*r + h = -3*r - 4*k. What is the units digit of r?
1
Suppose -3*r + 35 = -76. What is the tens digit of r?
3
Let q = 23 - 26. What is the tens digit of 3/(q + (-210)/(-68))?
3
What is the units digit of (14/(-4))/(2/(-4))?
7
Suppose 4*h + 2*m = 2*h + 92, -3*h - 2*m = -133. What is the units digit of h?
1
Let t(m) = -m**2 + 10*m - 5. What is the tens digit of t(8)?
1
Suppose -14 = -3*h + r, -2*h - 4*r + 5*r = -11. Suppose -h*t + 8*t = 40. What is the units digit of t?
8
Let b = 35 - 25. Suppose 0 = -3*u + p + b, 4 = 4*u - 4*p - 20. Suppose 1 = -3*i - 2*w - 2*w, u*w + 23 = 3*i. What is the units digit of i?
5
Suppose -l + 4*v - 8 = 3*v, 0 = -2*v. Let o be 10/40 - 54/l. Let t = o - -10. What is the tens digit of t?
1
Let t(r) = 2*r**3 - 6*r**2 - r - 2*r + 2*r**2 - r**3. What is the tens digit of t(5)?
1
Let i(u) = -1 - 6*u**3 - 7*u**2 + 7*u**3 - 2 + 7*u. Let a be i(6). Suppose 6*j = a*j + 45. What is the units digit of j?
5
Suppose 3*a - 225 = -5*y, 3*a - 231 = -0*a - 3*y. Suppose -4*m = 5*k - a, k + m + 32 = 3*k. What is the tens digit of k?
1
Suppose 0*u + u = 6. What is the units digit of u?
6
What is the hundreds digit of -3*5/(-15)*243?
2
Let t(s) = s**2 - 4*s - 12. Let v be t(6). Suppose v*k + 1 = k. What is the units digit of k?
1
Let l(f) be the second derivative of f**5/20 - f**4/3 - f**3/6 + 3*f**2/2 + 2*f. Let t be l(3). Let i(o) = -o - 8. What is the units digit of i(t)?
1
Let h(m) = m + 6. Let l be h(-5). Let v = 3 + l. What is the units digit of v?
4
Let a(x) = -x - 9. Let k be a(-4). Let p(f) be the first derivative of f**2/2 + 6*f + 2. What is the units digit of p(k)?
1
Let r(y) = 2*y - 5. Suppose -2*q + 9 = q. Let c be 